 l + z. What is the units digit of j?
9
Let v(h) = 0 + 10*h + 8*h + 0. What is the units digit of v(3)?
4
Let p(o) = 2*o + 1. Let v = -1 - 0. Let y = 3 + v. What is the units digit of p(y)?
5
Let r(z) = -4*z**3. Let a(s) = -s**3 + 6*s**2 + 7*s - 2. Let f be a(7). Let t be r(f). Suppose -2*l - 2*l = -t. What is the units digit of l?
8
Let s be 72/60*10/(-4). Let g = s - -9. What is the units digit of g?
6
Suppose 0 = u - v - 3, 0 = 2*u - 0*v + v - 9. Suppose -u*b = -5 + 1. What is the units digit of b?
1
Let p = 14 + -4. Let a be p/3 + 5/(-15). Let b = a + 1. What is the units digit of b?
4
What is the hundreds digit of 0 + (-2)/10 - 1272/(-10)?
1
Let y = -6 + 18. Let h be 6/4 + (-35)/(-10). Suppose h*l - y = l. What is the units digit of l?
3
Let i = -9 - -14. What is the units digit of i?
5
Let z = -4 - -6. Let m = z + -3. What is the units digit of (m/(-2))/((-2)/(-4))?
1
Let j = 0 + 4. Suppose 4*b + 5*u - j = 13, u = -5*b + 16. What is the units digit of b?
3
Suppose -5*b + 386 = -389. What is the units digit of b?
5
Let i(p) = -p**3 + 9*p**2 + 3*p + 5. Let v be i(7). Suppose n + 3*n + v = 0. What is the units digit of 2/8 - n/4?
8
Suppose 6*u - 5*m - 45 = u, -u + 18 = 2*m. Suppose -i - 3*n = -9, -4*n = -3*i - 0*n - u. Suppose i = 4*d + 2 - 38. What is the units digit of d?
9
Suppose -7 = 5*k - 127. What is the units digit of k?
4
Suppose -6 = -3*t + 2*j, 2*j - 1 + 3 = t. Let w(u) = -2*u**2 + 4*u + 1. Let a(q) = q**2 - 2*q - 1. Let o(z) = -7*a(z) - 4*w(z). What is the units digit of o(t)?
3
Suppose -v = v. Suppose v = 3*j - 117 - 3. Suppose -j = -2*k - 2*k. What is the units digit of k?
0
Let q = 68 + -35. What is the tens digit of q?
3
Suppose 3*a - 9 = 3*v, -3*v + a = -6*v - 9. Let q be 0/((12/(-2))/v). Suppose q = 5*y - 15 - 0. What is the units digit of y?
3
What is the hundreds digit of 206*1/2 + (1 - 1)?
1
Suppose -2*s - 78 = -5*s. What is the units digit of s?
6
Let v be (2*-1)/(-2)*-7. Let p(d) = d**3 + 7*d**2 + d + 10. What is the units digit of p(v)?
3
Let n be (6/9)/2*12. Suppose n = -s + 2. Let t(b) = -7*b + 1. What is the units digit of t(s)?
5
Suppose -5*o = 3*k - 95, -o = -0*o + 4*k - 36. Let t = o - -18. What is the tens digit of t?
3
What is the units digit of 2/(5 + (-770)/155)?
2
Let g(z) = -21*z**3 + z**2 - z + 1. Let s be g(1). Let k be (-12)/10*s/3. Suppose o - k = -3*o. What is the units digit of o?
2
Let u(f) = 5*f**3 - f. Let k(o) = -11*o**3 + o**2 + 2*o. Let z(b) = -10*b**3 + b. Let a be z(-1). Let n(g) = a*u(g) + 4*k(g). What is the tens digit of n(-2)?
1
Let h(b) = -b**3 + 2*b**2 - 2*b + 1. Let t be h(1). Let j be 5 - (t + 5 + -2). Suppose -2*l = -k - k + 14, 5 = j*k - 5*l. What is the tens digit of k?
1
Let r(k) = k**2 + 8*k - 8. Let v = -28 + 20. Let w be r(v). Let l = w + 29. What is the tens digit of l?
2
Let l be 3/(-2)*(-16)/12. Suppose 3*q - 1 + 0 = -2*h, -l*h = -3*q + 5. What is the units digit of q?
1
Let w(k) = k**3 + 6*k**2 + k + 11. What is the units digit of w(-6)?
5
Let l(c) = -c**3 - c**2 + 12*c - 2. Let u(z) = z**2 + z. Let b(p) = -l(p) + 4*u(p). Let n(y) = y - 2. Let d be n(-4). What is the units digit of b(d)?
4
Suppose -r + 3*r = 64. What is the units digit of r?
2
Let m(r) be the third derivative of r**5/12 - r**3/6 - 2*r**2. What is the units digit of m(2)?
9
Suppose 0 = 4*k - 6*k + 42. What is the units digit of k?
1
Let a(z) = z**2 + 2*z + 6. What is the tens digit of a(-7)?
4
Suppose -v - 5 = 1. Let h be (3/v)/(1/2). What is the units digit of (-4 + 1)/(h*3)?
1
Let k(y) = 12*y - 5*y + y**2 + 3*y + 11. What is the units digit of k(-10)?
1
Let k = -23 - -107. What is the tens digit of k?
8
Suppose -51 = -5*l + 124. What is the units digit of l?
5
Suppose 4*x = 5*f + 19 + 10, 4*x + 2*f = -6. Suppose 25 - x = 2*d. What is the units digit of d?
2
What is the units digit of ((-20)/3)/5 - 228/(-9)?
4
Let y = 11 - 3. What is the units digit of (38/y)/((-3)/(-12))?
9
Suppose 0 = -5*d + 131 - 46. Suppose 3*q = -0*r + 3*r - 39, 15 = -3*q. Let x = d - r. What is the units digit of x?
9
Let s(y) = -2*y. Let l(f) = -3*f + 3 + f**2 + 5*f + 5*f. Let x be l(-6). What is the units digit of s(x)?
6
Suppose 5*b = -0*r - 4*r + 36, 4*b - 36 = -5*r. Suppose -b*a - 18 = -58. What is the units digit of a?
0
Suppose 140 = v + 20. Let f = -85 + v. What is the units digit of f?
5
What is the hundreds digit of (-1202)/(-8) + 4*12/64?
1
Let v(a) = a + 3. Let j be v(-5). Let h = 42 + -39. What is the units digit of -1 - -1*(h - j)?
4
Let p = 58 - -30. Suppose 4*z + 4 = w, 6*w - 3*z - p = w. What is the tens digit of w?
2
Let q(k) = k**2 + 26. Let u be q(0). Let c be (-115)/(-7) + (-6)/14. Let f = u - c. What is the tens digit of f?
1
Suppose 4*d + 5 - 9 = 0. What is the units digit of (-19)/((-3)/d - -2)?
9
Suppose 4*k = -5*c - 22, 0 = 3*c - c + 4. What is the units digit of 4/k*21/(-14)?
2
Suppose 2*q = -q + 18. Let d(r) = -3*r - q + 2*r + 0*r - 2*r. What is the units digit of d(-7)?
5
Let f(x) be the third derivative of -x**5/60 + x**4/12 + x**3/6 + 3*x**2. What is the units digit of f(2)?
1
Let s(m) = m**2 + 5*m - 11. What is the units digit of s(-7)?
3
Let h be 9*(22/6 + -3). Suppose h*y + 20 = 2*y. Let z = y + 7. What is the units digit of z?
2
Suppose t - 5*t - 84 = -5*i, 2*t - 8 = 0. Suppose -5*b - 20 = q, 0 = -0*q + 2*q - 2*b - i. Let w = q + -1. What is the units digit of w?
4
Suppose -3*t + 0 = 12. What is the units digit of (2/t)/(8/(-256))?
6
Let p(w) = w + 2. Let j be p(3). Suppose j*u - 43 = 3*d, 2 = 2*u + 3*d - 11. What is the units digit of u?
8
Suppose -4*d - c - 4*c = -25, 15 = -d + 3*c. Suppose -2*o - 29 + 115 = d. What is the units digit of o?
3
Let g(l) = 2*l**2 - 15*l + 9. What is the tens digit of g(-6)?
7
Let u be (-4)/(-6)*(-33)/(-2). Let h = u + -25. What is the units digit of h/7*(-3)/2?
3
Suppose 5*l - 13*l + 2832 = 0. What is the tens digit of l?
5
Let k(g) = g**3 + 18*g**2 + 22*g - 19. What is the hundreds digit of k(-16)?
1
Let f(y) = -y**2 - 9*y + 9. Let c be 5/(-15) - (-26)/6. Suppose c*q + 18 + 14 = 0. What is the units digit of f(q)?
7
Let u = 13 + 43. Let t(o) = -37*o - 3. Let x be t(-1). Let m = u - x. What is the units digit of m?
2
Suppose -5 = -5*j, -4*j - 292 = -5*m - j. What is the units digit of m?
9
Suppose -r = r - 56. What is the units digit of (-7)/r + 33/4?
8
What is the units digit of (0 + -1)*699/(-3)?
3
Let j(n) = -n**2 + 10. What is the units digit of j(3)?
1
Let f = -2 + 8. Let a = 7 + f. What is the tens digit of a?
1
Let q(y) = 17*y**2 + 2*y + 1. What is the units digit of q(-1)?
6
Let f(d) = -d**2 + 10*d - 12. What is the units digit of f(5)?
3
Suppose 0 = -2*x - 2*o + 78, 4*o - 72 = -2*x - 0*o. What is the tens digit of x?
4
What is the units digit of 44*((-6)/(-15) + (-32)/(-20))?
8
Let y = 31 + -16. What is the tens digit of y?
1
Suppose -75 = -5*q - 2*b + 8, 3*b = -5*q + 82. Suppose -2*g + 6*g = -y + 32, y + q = 3*g. What is the units digit of g?
7
Suppose 2*p + 2*p - 60 = 0. Let s = 24 - p. What is the units digit of s?
9
Suppose -5*v = -v - 84. Suppose g + v = 5*g - 3*b, 2*g = -b + 3. What is the units digit of g?
3
Suppose 5*l = 4*r - 80, 4*r - 68 = -l + 3*l. Let t be (-66)/r - (-3)/(-5). Let a = -3 - t. What is the units digit of a?
2
Let h(a) = 44*a**2 - 2*a - 2. What is the tens digit of h(-1)?
4
Suppose 7*m + 3 = 8*m. Let l = m - -6. What is the units digit of l?
9
Suppose 4*w = 12, o - 4*w - 17 = -9*w. Suppose -4*j + o*r + 8 = -4, -5*r = -j + 21. Let q = j - -2. What is the units digit of q?
3
Let n be 2 + -2 - -2 - 11. Let d be ((-6)/5)/((-6)/135). Let t = n + d. What is the tens digit of t?
1
Suppose -18 = -5*z + 4*d + 14, 5*d = -3*z - 3. Suppose 0 = -z*f - 18 + 38. What is the units digit of f?
5
Let g = -57 - -81. What is the units digit of g?
4
Let b = 95 - 31. What is the units digit of b?
4
Let z(x) = -22*x**3 + 3*x**2 + 3*x + 2. What is the hundreds digit of z(-2)?
1
Suppose -3*m = -m - 5*x - 19, -5*m = x - 7. Let i = m - 1. What is the units digit of i?
1
Suppose -170 = -5*y - 5*f - 0*f, 46 = y + 5*f. What is the tens digit of y?
3
Let s be (-1)/((-3)/66) + 0. Suppose s = o - 0*o + 4*l, -3*o = 2*l - 36. What is the tens digit of o?
1
Let p(x) = -x**2 + 3*x + 41. Let z be (-1)/4 - (-14)/56. What is the units digit of p(z)?
1
Let i(u) be the